{"id":104,"date":"2011-04-11T15:34:39","date_gmt":"2011-04-11T14:34:39","guid":{"rendered":"http:\/\/www.pncm.fr\/blog\/?page_id=104"},"modified":"2021-10-24T08:53:55","modified_gmt":"2021-10-24T07:53:55","slug":"videos","status":"publish","type":"page","link":"https:\/\/www.pncm.fr\/blog\/multimedia\/videos\/","title":{"rendered":"Vid\u00e9os"},"content":{"rendered":"<p><strong><a href=\"https:\/\/drive.google.com\/file\/d\/19PN8gh5gAVGh6o0KZ8RLs302GttD54EX\/view\">FIP 2021 vu par \u00ab\u00a0La Fl\u00e8che\u00a0\u00bb de Seudre et Mer<\/a><\/strong><\/p>\n<p><strong><a href=\"https:\/\/youtu.be\/zb-OlySimg4\">Route de l&rsquo;Hu\u00eetre &#8211; Edition 2021<\/a><\/strong><\/p>\n<p><strong><a href=\"https:\/\/youtu.be\/kJjnj6w3_Fc\">Un port sympa : Jard \/ Mer<\/a><\/strong><\/p>\n<p><a href=\"https:\/\/youtube.com\/embed\/xK_ijdk7zWI?autoreplay=1&amp;rel=0\"><span style=\"color: #0000ff;\"><strong>La f\u00eate de la sardine \u00e0 ARS en R\u00e9 &#8211; 2019 :<\/strong><\/span><\/a><\/p>\n<p><strong><a href=\"https:\/\/youtube.com\/embed\/owKzBfaGwS4?autoplay=1&amp;rel=0\"><span style=\"color: #0000ff;\">Tonnay f\u00eate sa charente &#8211; 2019<\/span><\/a><\/strong><\/p>\n<p>Autre vid\u00e9o sur Tonnay f\u00eate sa Charente :<\/p>\n<p>https:\/\/www.facebook.com\/MaximeFranusiakAudiovisuel\/videos\/438899850030242\/?q=tonnay%20f%C3%AAte%20sa%20charente&#038;epa=SEARCH_BOX<\/p>\n<p><strong><span style=\"color: #0000ff;\">La route de l&rsquo;hu\u00eetre 2019 :<\/span><\/strong><\/p>\n<p><a href=\"http:\/\/tube.mo-tv.fr\/video\/la-route-de-l-huitre-2019-fouras\">A Fouras<\/a><\/p>\n<p><a href=\"https:\/\/tube.mo-tv.fr\/video\/la-route-de-l-huitre-2019-sur-la-seudre\">Avant Marennes<\/a><\/p>\n<p><a href=\"https:\/\/tube.mo-tv.fr\/video\/la-route-de-l-huitre-2019-le-chateau-d-oleron\">Au Ch\u00e2teau d&rsquo;Ol\u00e9ron<\/a><\/p>\n<p>Tour de l&rsquo;Ile de Sein\u00a0 organis\u00e9 par l&rsquo;association \u00ab\u00a0Naviguez en Ponant\u00a0\u00bb du 21 au 24 juillet 2018\u00a0 &#8211; <em>(r\u00e9alisation C. Daudon)<\/em><\/p>\n<p><iframe loading=\"lazy\" title=\"Tour de l&#039;\u00eele de Sein -  Voiles et avirons 2018\" width=\"1080\" height=\"608\" src=\"https:\/\/www.youtube.com\/embed\/Q-nFdhzu_nc?feature=oembed\"  allow=\"accelerometer; autoplay; clipboard-write; encrypted-media; gyroscope; picture-in-picture\" allowfullscreen><\/iframe><\/p>\n<p>La Route de l&rsquo;Huitre 2018 : Le Ch\u00e2teau d&rsquo;Ol\u00e9ron, Marennes, Fouras du 27 au 29 juillet <em>(r\u00e9alisation Seudre et Mer)<\/em><\/p>\n<p><iframe loading=\"lazy\" title=\"La Fl\u00e8che sur la Route des hu\u00eetres 2018\" width=\"1080\" height=\"608\" src=\"https:\/\/www.youtube.com\/embed\/RtyAaf3MgeU?feature=oembed\"  allow=\"accelerometer; autoplay; clipboard-write; encrypted-media; gyroscope; picture-in-picture\" allowfullscreen><\/iframe><\/p>\n<p>\u00ab\u00a0Tonnay f\u00eate sa Charente\u00a0\u00bb 2018\u00a0<em>(r\u00e9alisation Seudre et Mer)<\/em><\/p>\n<p><iframe loading=\"lazy\" title=\"Tonnay f\u00eate sa Charente avec La Fl\u00e8che\" width=\"1080\" height=\"608\" src=\"https:\/\/www.youtube.com\/embed\/qFBRA_VJs_U?feature=oembed\"  allow=\"accelerometer; autoplay; clipboard-write; encrypted-media; gyroscope; picture-in-picture\" allowfullscreen><\/iframe><\/p>\n<p>Hermione La totale <a href=\"http:\/\/www.switlive.com\/en\/hermione-freedom-s-frigate\">(ici)<\/a><\/p>\n<div style=\"width: 708px; height: 228px; text-align: left;\"><object class=\"dm_videowall logo_left\" data=\"http:\/\/www.dailymotion.com\/videowall\/group\/87834\" type=\"application\/x-shockwave-flash\" width=\"708\" height=\"228\"><param name=\"movie\" value=\"http:\/\/www.dailymotion.com\/videowall\/group\/87834\" \/><param name=\"allowscriptaccess\" value=\"always\" \/><param name=\"wmode\" value=\"transparent\" \/><\/object><a style=\"display: block; width: 130px; margin: -25px 0 0 25px; font-size: 10px; color: #193d5e; text-decoration: none;\" title=\"Powered by Dailymotion\" href=\"http:\/\/www.dailymotion.com\" target=\"_blank\" rel=\"noopener noreferrer\">Powered by <span style=\"text-decoration: underline;\">Dailymot<br \/>\n<\/span><\/a><\/div>\n<p><a href=\"http:\/\/www.dailymotion.com\/video\/x3k4qp_tramasset_travel\" target=\"_blank\" rel=\"noopener noreferrer\">Tramasset<\/a> <em>par <a href=\"http:\/\/www.dailymotion.com\/cailbrun\" target=\"_blank\" rel=\"noopener noreferrer\">cailbrun<\/a><\/em><\/p>\n<p><object width=\"480\" height=\"384\"><param name=\"movie\" value=\"http:\/\/www.dailymotion.com\/swf\/video\/xez4s4?theme=none\" \/><param name=\"allowFullScreen\" value=\"true\" \/><param name=\"allowScriptAccess\" value=\"always\" \/><param name=\"wmode\" value=\"transparent\" \/><embed type=\"application\/x-shockwave-flash\" width=\"480\" height=\"384\" src=\"http:\/\/www.dailymotion.com\/swf\/video\/xez4s4?theme=none\" wmode=\"transparent\" allowfullscreen=\"allowfullscreen\" allowscriptaccess=\"always\" \/><\/object><br \/>\n<a href=\"http:\/\/www.dailymotion.com\/video\/xez4s4_fleuves-iles-et-pertuis_sport\" target=\"_blank\" rel=\"noopener noreferrer\">Fleuves Iles et Pertuis<\/a> <em>par <a href=\"http:\/\/www.dailymotion.com\/cailbrun\" target=\"_blank\" rel=\"noopener noreferrer\">cailbrun<\/a><\/em><\/p>\n","protected":false},"excerpt":{"rendered":"<p>FIP 2021 vu par \u00ab\u00a0La Fl\u00e8che\u00a0\u00bb de Seudre et Mer Route de l&rsquo;Hu\u00eetre &#8211; Edition 2021 Un port sympa : Jard \/ Mer La f\u00eate de la sardine \u00e0 ARS en R\u00e9 &#8211; 2019 : Tonnay f\u00eate sa charente &#8211; 2019 Autre vid\u00e9o sur Tonnay f\u00eate sa Charente : https:\/\/www.facebook.com\/MaximeFranusiakAudiovisuel\/videos\/438899850030242\/?q=tonnay%20f%C3%AAte%20sa%20charente&#038;epa=SEARCH_BOX La route de l&rsquo;hu\u00eetre 2019 [&hellip;]<\/p>\n","protected":false},"author":2,"featured_media":0,"parent":98,"menu_order":0,"comment_status":"closed","ping_status":"closed","template":"","meta":{"_et_pb_use_builder":"","_et_pb_old_content":"","_et_gb_content_width":"","footnotes":""},"class_list":["post-104","page","type-page","status-publish","hentry"],"_links":{"self":[{"href":"https:\/\/www.pncm.fr\/blog\/wp-json\/wp\/v2\/pages\/104","targetHints":{"allow":["GET"]}}],"collection":[{"href":"https:\/\/www.pncm.fr\/blog\/wp-json\/wp\/v2\/pages"}],"about":[{"href":"https:\/\/www.pncm.fr\/blog\/wp-json\/wp\/v2\/types\/page"}],"author":[{"embeddable":true,"href":"https:\/\/www.pncm.fr\/blog\/wp-json\/wp\/v2\/users\/2"}],"replies":[{"embeddable":true,"href":"https:\/\/www.pncm.fr\/blog\/wp-json\/wp\/v2\/comments?post=104"}],"version-history":[{"count":16,"href":"https:\/\/www.pncm.fr\/blog\/wp-json\/wp\/v2\/pages\/104\/revisions"}],"predecessor-version":[{"id":3679,"href":"https:\/\/www.pncm.fr\/blog\/wp-json\/wp\/v2\/pages\/104\/revisions\/3679"}],"up":[{"embeddable":true,"href":"https:\/\/www.pncm.fr\/blog\/wp-json\/wp\/v2\/pages\/98"}],"wp:attachment":[{"href":"https:\/\/www.pncm.fr\/blog\/wp-json\/wp\/v2\/media?parent=104"}],"curies":[{"name":"wp","href":"https:\/\/api.w.org\/{rel}","templated":true}]}}