{"id":1894,"date":"2019-04-28T20:36:23","date_gmt":"2019-04-28T19:36:23","guid":{"rendered":"http:\/\/www.pncm.fr\/blog\/?page_id=1894"},"modified":"2019-09-09T19:39:52","modified_gmt":"2019-09-09T18:39:52","slug":"association-clapotis","status":"publish","type":"page","link":"https:\/\/www.pncm.fr\/blog\/les-associations-locales\/association-clapotis\/","title":{"rendered":"L&rsquo;Association Sloop Baliseur Clapotis"},"content":{"rendered":"<p><a href=\"http:\/\/www.pncm.fr\/blog\/wp-content\/uploads\/clapotis-bdx.jpg\"><img loading=\"lazy\" decoding=\"async\" class=\"size-medium wp-image-1103 aligncenter\" src=\"http:\/\/www.pncm.fr\/blog\/wp-content\/uploads\/clapotis-bdx-300x205.jpg\" alt=\"\" width=\"300\" height=\"205\" srcset=\"https:\/\/www.pncm.fr\/blog\/wp-content\/uploads\/clapotis-bdx-300x205.jpg 300w, https:\/\/www.pncm.fr\/blog\/wp-content\/uploads\/clapotis-bdx-768x526.jpg 768w, https:\/\/www.pncm.fr\/blog\/wp-content\/uploads\/clapotis-bdx-1024x701.jpg 1024w, https:\/\/www.pncm.fr\/blog\/wp-content\/uploads\/clapotis-bdx.jpg 1568w\" sizes=\"(max-width: 300px) 100vw, 300px\" \/><\/a>L\u2019association a \u00e9t\u00e9 cr\u00e9\u00e9e le 15 octobre 2001, ann\u00e9e du rachat de Clapotis par la commune\u00a0 de Saint Pierre d\u2019Ol\u00e9ron. Suite \u00e0 la D\u00e9cision de Michel VILLENEAU de vouloir se s\u00e9parer de Clapotis, Monsieur PEYRY alors Maire de Saint Pierre et Conseiller G\u00e9n\u00e9ral pense qu\u2019au titre du patrimoine local Clapotis doit revenir sur l\u2019\u00cele. Quatre vingt un ans apr\u00e8s sa mise \u00e0 l\u2019eau, il s\u2019amarre dans le port de Boyardville devant la capitainerie, \u00e0 50 m du hangar qui l\u2019a vu naitre et qui abrite aujourd\u2019hui une salle d\u2019exposition et de r\u00e9union.<\/p>\n<p>Nos statuts nous engagent sur trois points :<\/p>\n<ul>\n<li>\u00a0<em><strong><span style=\"color: #999999;\">Maintenir Clapotis en parfait \u00e9tat de navigation.<\/span><\/strong><\/em><\/li>\n<li><em><strong><span style=\"color: #999999;\">Former des \u00e9quipages.<\/span><\/strong><\/em><\/li>\n<li><em><strong><span style=\"color: #999999;\">\u00catre l\u2019ambassadeur de St Pierre et plus largement de l\u2019\u00cele d\u2019Ol\u00e9ron.<\/span><\/strong><\/em><\/li>\n<\/ul>\n<a href=\"http:\/\/www.pncm.fr\/blog\/wp-content\/uploads\/pr\u00e9sentation-de-clapotis.pdf\" class=\"su-button su-button-style-default\" style=\"color:#FFFFFF;background-color:#2D89EF;border-color:#246ec0;border-radius:5px\" target=\"_self\"><span style=\"color:#FFFFFF;padding:0px 16px;font-size:13px;line-height:26px;border-color:#6cadf4;border-radius:5px;text-shadow:none\"> lire la suite&#8230;<\/span><\/a>\n<p><a href=\"http:\/\/www.pncm.fr\/blog\/wp-content\/uploads\/Clapotis-Bon-verso.pdf\">Pr\u00e9sentation et lien direct pour la souscription<\/a><\/p>\n<p><a href=\"http:\/\/www.pncm.fr\/blog\/wp-content\/uploads\/clapotis-Bon-recto.pdf\">-Bon recto<\/a><\/p>\n<p><a href=\"http:\/\/www.pncm.fr\/blog\/wp-content\/uploads\/Clapotis-Bon-verso.pdf\">-Bon verso<\/a><\/p>\n<p>&nbsp;<\/p>\n","protected":false},"excerpt":{"rendered":"<p>L\u2019association a \u00e9t\u00e9 cr\u00e9\u00e9e le 15 octobre 2001, ann\u00e9e du rachat de Clapotis par la commune\u00a0 de Saint Pierre d\u2019Ol\u00e9ron. Suite \u00e0 la D\u00e9cision de Michel VILLENEAU de vouloir se s\u00e9parer de Clapotis, Monsieur PEYRY alors Maire de Saint Pierre et Conseiller G\u00e9n\u00e9ral pense qu\u2019au titre du patrimoine local Clapotis doit revenir sur l\u2019\u00cele. Quatre [&hellip;]<\/p>\n","protected":false},"author":193,"featured_media":0,"parent":78,"menu_order":0,"comment_status":"closed","ping_status":"closed","template":"","meta":{"_et_pb_use_builder":"","_et_pb_old_content":"","_et_gb_content_width":"","footnotes":""},"class_list":["post-1894","page","type-page","status-publish","hentry"],"_links":{"self":[{"href":"https:\/\/www.pncm.fr\/blog\/wp-json\/wp\/v2\/pages\/1894","targetHints":{"allow":["GET"]}}],"collection":[{"href":"https:\/\/www.pncm.fr\/blog\/wp-json\/wp\/v2\/pages"}],"about":[{"href":"https:\/\/www.pncm.fr\/blog\/wp-json\/wp\/v2\/types\/page"}],"author":[{"embeddable":true,"href":"https:\/\/www.pncm.fr\/blog\/wp-json\/wp\/v2\/users\/193"}],"replies":[{"embeddable":true,"href":"https:\/\/www.pncm.fr\/blog\/wp-json\/wp\/v2\/comments?post=1894"}],"version-history":[{"count":11,"href":"https:\/\/www.pncm.fr\/blog\/wp-json\/wp\/v2\/pages\/1894\/revisions"}],"predecessor-version":[{"id":2049,"href":"https:\/\/www.pncm.fr\/blog\/wp-json\/wp\/v2\/pages\/1894\/revisions\/2049"}],"up":[{"embeddable":true,"href":"https:\/\/www.pncm.fr\/blog\/wp-json\/wp\/v2\/pages\/78"}],"wp:attachment":[{"href":"https:\/\/www.pncm.fr\/blog\/wp-json\/wp\/v2\/media?parent=1894"}],"curies":[{"name":"wp","href":"https:\/\/api.w.org\/{rel}","templated":true}]}}

<p><a href="http://www.pncm.fr/blog/wp-content/uploads/clapotis-bdx.jpg"><img loading="lazy" decoding="async" class="size-medium wp-image-1103 aligncenter" src="http://www.pncm.fr/blog/wp-content/uploads/clapotis-bdx-300x205.jpg" alt="" width="300" height="205" srcset="https://www.pncm.fr/blog/wp-content/uploads/clapotis-bdx-300x205.jpg 300w, https://www.pncm.fr/blog/wp-content/uploads/clapotis-bdx-768x526.jpg 768w, https://www.pncm.fr/blog/wp-content/uploads/clapotis-bdx-1024x701.jpg 1024w, https://www.pncm.fr/blog/wp-content/uploads/clapotis-bdx.jpg 1568w" sizes="(max-width: 300px) 100vw, 300px" /></a>L’association a été créée le 15 octobre 2001, année du rachat de Clapotis par la commune  de Saint Pierre d’Oléron. Suite à la Décision de Michel VILLENEAU de vouloir se séparer de Clapotis, Monsieur PEYRY alors Maire de Saint Pierre et Conseiller Général pense qu’au titre du patrimoine local Clapotis doit revenir sur l’Île. Quatre vingt un ans après sa mise à l’eau, il s’amarre dans le port de Boyardville devant la capitainerie, à 50 m du hangar qui l’a vu naitre et qui abrite aujourd’hui une salle d’exposition et de réunion.</p>
<p>Nos statuts nous engagent sur trois points :</p>
<ul>
<li> <em><strong><span style="color: #999999;">Maintenir Clapotis en parfait état de navigation.</span></strong></em></li>
<li><em><strong><span style="color: #999999;">Former des équipages.</span></strong></em></li>
<li><em><strong><span style="color: #999999;">Être l’ambassadeur de St Pierre et plus largement de l’Île d’Oléron.</span></strong></em></li>
</ul>
<a href="http://www.pncm.fr/blog/wp-content/uploads/présentation-de-clapotis.pdf" class="su-button su-button-style-default" style="color:#FFFFFF;background-color:#2D89EF;border-color:#246ec0;border-radius:5px" target="_self"><span style="color:#FFFFFF;padding:0px 16px;font-size:13px;line-height:26px;border-color:#6cadf4;border-radius:5px;text-shadow:none"> lire la suite&#8230;</span></a>
<p><a href="http://www.pncm.fr/blog/wp-content/uploads/Clapotis-Bon-verso.pdf">Présentation et lien direct pour la souscription</a></p>
<p><a href="http://www.pncm.fr/blog/wp-content/uploads/clapotis-Bon-recto.pdf">-Bon recto</a></p>
<p><a href="http://www.pncm.fr/blog/wp-content/uploads/Clapotis-Bon-verso.pdf">-Bon verso</a></p>
<p>&nbsp;</p>

<p>L’association a été créée le 15 octobre 2001, année du rachat de Clapotis par la commune  de Saint Pierre d’Oléron. Suite à la Décision de Michel VILLENEAU de vouloir se séparer de Clapotis, Monsieur PEYRY alors Maire de Saint Pierre et Conseiller Général pense qu’au titre du patrimoine local Clapotis doit revenir sur l’Île. Quatre [&hellip;]</p>
