{"id":4447,"date":"2023-01-28T19:00:40","date_gmt":"2023-01-28T18:00:40","guid":{"rendered":"https:\/\/www.pncm.fr\/blog\/?page_id=4447"},"modified":"2023-01-30T21:02:48","modified_gmt":"2023-01-30T20:02:48","slug":"fiches-securite","status":"publish","type":"page","link":"https:\/\/www.pncm.fr\/blog\/fiches-securite\/","title":{"rendered":"Fiches S\u00e9curit\u00e9"},"content":{"rendered":"\n<p>Ces documents \u00e9manent de la Commission \u00ab\u00a0S\u00e9curit\u00e9\u00a0\u00bb. Celle-ci s\u2019est investie afin de faciliter et s\u00e9curiser les navigations de nos adh\u00e9rents. <\/p>\n\n\n\n<p>Vous trouverez ci-dessous, les grandes g\u00e9n\u00e9ralit\u00e9s li\u00e9es \u00e0 la navigation que sont la signalisation maritime, les r\u00e8gles de route basiques, les consignes de s\u00e9curit\u00e9 et quelques proc\u00e9dures essentielles pour nos \u00e9quipages et nos bateaux.<\/p>\n\n\n\n<p><\/p>\n\n\n\n<ul class=\"wp-block-list\">\n<li><strong>Fiche \u00ab\u00a0check list\u00a0\u00bb<\/strong><\/li>\n<\/ul>\n\n\n\n<div class=\"wp-block-pdfjsblock-pdfjs-embed pdfjs-wrapper\"><\/div>\n\n\n\n<p><\/p>\n\n\n\n<ul class=\"wp-block-list\">\n<li><strong>R\u00e8gles de route<\/strong><\/li>\n<\/ul>\n\n\n\n<div class=\"wp-block-pdfjsblock-pdfjs-embed pdfjs-wrapper\"><\/div>\n\n\n\n<p><\/p>\n\n\n\n<ul class=\"wp-block-list\">\n<li><strong>Un \u00e9quipier \u00e0 la mer<\/strong><\/li>\n<\/ul>\n\n\n\n<div class=\"wp-block-pdfjsblock-pdfjs-embed pdfjs-wrapper\"><\/div>\n\n\n\n<p><\/p>\n\n\n\n<ul class=\"wp-block-list\">\n<li><strong>Utilisation de la VHF<\/strong><\/li>\n<\/ul>\n\n\n\n<div class=\"wp-block-pdfjsblock-pdfjs-embed pdfjs-wrapper\"><\/div>\n\n\n\n<p><\/p>\n\n\n\n<ul class=\"wp-block-list\">\n<li><strong>La division 240 concerne les conditions et mat\u00e9riels de s\u00e9curit\u00e9 pour la navigation<br>de plaisance avec des navires et embarcations de moins de 24 m.<\/strong><\/li>\n<\/ul>\n\n\n\n<div class=\"wp-block-pdfjsblock-pdfjs-embed pdfjs-wrapper\"><\/div>\n\n\n\n<p><\/p>\n","protected":false},"excerpt":{"rendered":"<p>Ces documents \u00e9manent de la Commission \u00ab\u00a0S\u00e9curit\u00e9\u00a0\u00bb. Celle-ci s\u2019est investie afin de faciliter et s\u00e9curiser les navigations de nos adh\u00e9rents. Vous trouverez ci-dessous, les grandes g\u00e9n\u00e9ralit\u00e9s li\u00e9es \u00e0 la navigation que sont la signalisation maritime, les r\u00e8gles de route basiques, les consignes de s\u00e9curit\u00e9 et quelques proc\u00e9dures essentielles pour nos \u00e9quipages et nos bateaux.<\/p>\n","protected":false},"author":196,"featured_media":0,"parent":0,"menu_order":0,"comment_status":"closed","ping_status":"closed","template":"","meta":{"_et_pb_use_builder":"","_et_pb_old_content":"","_et_gb_content_width":"","footnotes":""},"class_list":["post-4447","page","type-page","status-publish","hentry"],"_links":{"self":[{"href":"https:\/\/www.pncm.fr\/blog\/wp-json\/wp\/v2\/pages\/4447","targetHints":{"allow":["GET"]}}],"collection":[{"href":"https:\/\/www.pncm.fr\/blog\/wp-json\/wp\/v2\/pages"}],"about":[{"href":"https:\/\/www.pncm.fr\/blog\/wp-json\/wp\/v2\/types\/page"}],"author":[{"embeddable":true,"href":"https:\/\/www.pncm.fr\/blog\/wp-json\/wp\/v2\/users\/196"}],"replies":[{"embeddable":true,"href":"https:\/\/www.pncm.fr\/blog\/wp-json\/wp\/v2\/comments?post=4447"}],"version-history":[{"count":21,"href":"https:\/\/www.pncm.fr\/blog\/wp-json\/wp\/v2\/pages\/4447\/revisions"}],"predecessor-version":[{"id":4489,"href":"https:\/\/www.pncm.fr\/blog\/wp-json\/wp\/v2\/pages\/4447\/revisions\/4489"}],"wp:attachment":[{"href":"https:\/\/www.pncm.fr\/blog\/wp-json\/wp\/v2\/media?parent=4447"}],"curies":[{"name":"wp","href":"https:\/\/api.w.org\/{rel}","templated":true}]}}